6262 a multiple of 651?
True
Is 40449 a multiple of 2?
False
Does 28 divide 7504?
True
Is 135 a factor of 7051918?
False
Is 2521628 a multiple of 46?
True
Does 62 divide 522350?
True
Is 890 a factor of 1432770?
False
Is 60 a factor of 98502?
False
Does 13 divide 101673?
True
Does 817 divide 12402877?
True
Does 385 divide 566126?
False
Does 209 divide 464182?
False
Is 37 a factor of 1533021?
True
Is 16192125 a multiple of 185?
True
Is 7925944 a multiple of 17?
True
Does 156 divide 99583?
False
Does 93 divide 11215893?
True
Is 107991 a multiple of 9?
True
Is 1653649 a multiple of 215?
False
Is 536656 a multiple of 272?
True
Does 130 divide 6843980?
True
Is 12141 a multiple of 3?
True
Is 20 a factor of 6229740?
True
Does 299 divide 3007342?
True
Does 56 divide 53592?
True
Is 72 a factor of 89496?
True
Is 5039979 a multiple of 297?
False
Is 10 a factor of 39749?
False
Is 10272237 a multiple of 794?
False
Is 945626 a multiple of 22?
True
Is 365 a factor of 663205?
True
Is 49 a factor of 390055?
False
Is 540267 a multiple of 13?
True
Is 5 a factor of 1784?
False
Does 16 divide 13115?
False
Does 28 divide 874501?
False
Is 30 a factor of 46920?
True
Does 181 divide 335574?
True
Does 738 divide 498284?
False
Is 10 a factor of 270920?
True
Is 326 a factor of 1177178?
False
Is 6500400 a multiple of 40?
True
Does 8 divide 818600?
True
Is 73 a factor of 325797?
False
Is 20 a factor of 69560?
True
Is 21348 a multiple of 85?
False
Is 148 a factor of 189588?
True
Is 552 a factor of 66224?
False
Is 152 a factor of 446120?
True
Does 175 divide 359450?
True
Is 13 a factor of 65788?
False
Does 90 divide 713790?
True
Is 6 a factor of 429220?
False
Does 3 divide 127448?
False
Is 4352754 a multiple of 29?
False
Is 188 a factor of 634124?
True
Does 56 divide 2928072?
True
Does 52 divide 135252?
True
Does 40 divide 5505046?
False
Is 70 a factor of 12353320?
True
Is 10490 a multiple of 2?
True
Is 19077492 a multiple of 2078?
False
Is 321913 a multiple of 269?
False
Is 6 a factor of 15000?
True
Is 152 a factor of 165832?
True
Is 26176 a multiple of 12?
False
Is 168 a factor of 562401?
False
Is 14 a factor of 944188?
True
Does 14 divide 38878?
True
Is 5 a factor of 111244?
False
Does 217 divide 91357?
True
Does 90 divide 765000?
True
Does 23 divide 3243330?
False
Is 29130 a multiple of 10?
True
Is 111111 a multiple of 777?
True
Does 17 divide 47464?
True
Is 1262 a factor of 7536716?
False
Is 1757808 a multiple of 8?
True
Is 148 a factor of 125855?
False
Does 240 divide 63191?
False
Does 165 divide 554385?
False
Is 789950 a multiple of 25?
True
Does 3 divide 342979?
False
Is 66818 a multiple of 11?
False
Is 5657 even?
False
Is 1419 a factor of 8689956?
True
Is 226 a factor of 3291028?
False
Is 1375792 a multiple of 22?
True
Does 56 divide 14499?
False
Is 6 a factor of 1965300?
True
Is 154247 a multiple of 39?
False
Is 219 a factor of 11495529?
True
Does 15 divide 1762298?
False
Is 116223 a multiple of 57?
True
Is 198 a factor of 183150?
True
Does 441 divide 41040029?
False
Is 359507 a multiple of 77?
False
Is 42 a factor of 629202?
True
Is 14172180 a multiple of 55?
True
Does 184 divide 6055548?
False
Is 20 a factor of 11576440?
True
Does 116 divide 23590?
False
Does 294 divide 854904?
False
Is 1321515 a multiple of 13?
True
Is 63 a factor of 9610602?
False
Is 746193 a multiple of 30?
False
Is 30388 a multiple of 214?
True
Is 1155 a factor of 18376050?
True
Is 1110270 a multiple of 21?
True
Is 4 a factor of 4821?
False
Is 86052 a multiple of 426?
True
Is 142 a factor of 3402654?
False
Does 10 divide 136480?
True
Does 24 divide 260952?
True
Does 347 divide 4433753?
False
Is 465 a factor of 1710063?
False
Is 625 a factor of 3247600?
False
Is 245340 a multiple of 60?
True
Is 7 a factor of 136064?
False
Is 599 a factor of 325856?
True
Is 2 a factor of 43806?
True
Is 869240 a multiple of 93?
False
Is 14829532 a multiple of 799?
False
Does 90 divide 478980?
True
Is 605718 a multiple of 4?
False
Is 7 a factor of 3013006?
False
Does 67 divide 6096309?
False
Is 57 a factor of 9243975?
True
Does 358 divide 3025490?
False
Is 2057787 a multiple of 207?
True
Is 232980 a multiple of 9?
False
Is 96348 a multiple of 7?
True
Does 14 divide 591598?
True
Does 262 divide 434526?
False
Is 257 a factor of 1065077?
False
Does 22 divide 4188976?
True
Is 101 a factor of 74913?
False
Does 44 divide 6581784?
True
Is 10 a factor of 8221740?
True
Is 1169322 a multiple of 42?
True
Is 99474 a multiple of 6?
True
Is 8 a factor of 21985716?
False
Is 12 a factor of 48312?
True
Is 65 a factor of 36170?
False
Is 77625 a multiple of 23?
True
Is 97260 a multiple of 60?
True
Is 315948 a multiple of 24?
False
Is 93440 a multiple of 16?
True
Is 1081782 a multiple of 23?
True
Is 215573 a multiple of 2?
False
Is 108391 a multiple of 96?
False
Does 113 divide 162833?
True
Is 270484 a multiple of 9?
False
Is 106274 a multiple of 14?
True
Does 3 divide 76473?
True
Is 6 a factor of 64892?
False
Is 9460375 a multiple of 25?
True
Is 8195 a multiple of 106?
False
Does 21 divide 222594?
False
Does 95 divide 17142547?
False
Does 29 divide 224766?
False
Is 73091 a multiple of 785?
False
Is 440737 a multiple of 207?
False
Does 25 divide 364700?
True
Does 179 divide 186400?
False
Does 140 divide 744660?
True
Does 28 divide 5759292?
True
Is 851958 a multiple of 30?
False
Does 18 divide 19404?
True
Is 133 a factor of 7021070?
True
Is 23682 even?
True
Does 1154 divide 4012305?
False
Is 18 a factor of 753228?
True
Does 5 divide 48355?
True
Is 14 a factor of 7736512?
True
Is 63558 a multiple of 198?
True
Does 14 divide 5572?
True
Is 29 a factor of 1722194?
True
Is 25972 a multiple of 151?
True
Is 1041 a factor of 138332?
False
Is 35 a factor of 65030?
True
Does 13 divide 4786877?
False
Is 51 a factor of 612?
True
Does 7 divide 57362?
False
Does 144 divide 127023?
False
Is 5 a factor of 209436?
False
Does 8 divide 996439?
False
Is 183 a factor of 21612598?
False
Does 11 divide 106487?
False
Is 2107965 a multiple of 445?
True
Does 1116 divide 118296?
True
Does 15 divide 650010?
True
Is 626 a factor of 22491554?
True
Is 2735 a factor of 7822100?
True
Is 311542 a multiple of 187?
True
Does 5 divide 257?
False
Is 259940 a multiple of 231?
False
Does 835 divide 11488742?
False
Is 9556054 a multiple of 1328?
False
Does 5 divide 381850?
True
Is 3239492 a multiple of 164?
True
Does 22 divide 377222?
False
Is 1409508 a multiple of 18?
True
Does 3 divide 1218740?
False
Is 8718 a multiple of 5?
False
Does 9 divide 664542?
True
Is 430837 a multiple of 11?
True
Does 44 divide 918940?
True
Is 909415 a multiple of 21?
False
Is 177 a factor of 73432?
False
Does 18 divide 2444544?
True
Is 464261 a multiple of 26?
False
Is 403380 a multiple of 415?
True
Is 8350 a multiple of 10?
True
Does 171 divide 173146?
False
Does 18 divide 1538504?
False
Is 531255 a multiple of 191?
False
Does 176 divide 152064?
True
Is 255 a factor of 1496002?
False
Does 403 divide 627497?
False
Is 86 a factor of 120857?
False
Is 98 a factor of 2208752?
False
Is 767832 a multiple of 897?
True
Does 6 divide 89328?
True
Is 513 a factor of 2861514?
True
Does 28 divide 1759492?
True
Does 691 divide 55334?
False
Is 456412 a multiple of 82?
True
Is 3725862 a multiple of 69?
True
Is 3190936 a multiple of 19?
True
Does 141 divide 145653?
True
Does 2 divide 47325?
False
Is 115 a factor of 28733?
False
Does 24 divide 96257?
False
Does 8 divide 3822447?
False
Does 16 divide 25568?
True
Does 5 divide 1551115?
True
Is 514480 a multiple of 59?
True
Is 14 a factor of 637018?
False
Does 14 divide 9866041?
False
Does 52 divide 87360?
True
Is 69 a factor of 31326?
True
Does 74 divide 9077802?
True
Does 9 divide 8787?
False
Is 49144 a multiple of 35?
False
Is 16 a factor of 2836304?
True
Is 2376791 a multiple of 97?
True
Is 4 a factor of 6806012?
True
Is 2 a factor of 17533?
False
Is 55 a factor of 14930740?
True
Does 298 divide 385910?
True
Is 5383 even?
False
Is 2712996 a multiple of 806?
True
Is 901479 a multiple of 94?
False
Does 12 divide 102444?
True
Is 254150 a multiple of 115?
True
Does 74 divide 240320?
False
Is 29 a factor of 57428?
False
Is 38 a factor of 13685966?
True
Is 393140 a multiple of 5?
True
Is 1352350 a multiple of 170?
True
Is 99534 a multiple of 17?
False
Is 11 a fac